{"id":873,"date":"2021-10-13T13:44:54","date_gmt":"2021-10-13T13:44:54","guid":{"rendered":"http:\/\/sysred.com\/?page_id=873"},"modified":"2021-11-18T10:07:01","modified_gmt":"2021-11-18T10:07:01","slug":"aviso-legal","status":"publish","type":"page","link":"https:\/\/sysred.com\/?page_id=873","title":{"rendered":"Aviso Legal"},"content":{"rendered":"\n<p><strong>AVISO LEGAL Y CONDICIONES DE USO DEL PORTAL WEB<\/strong>&nbsp;<\/p>\n\n\n\n<p>Aviso Legal y Condiciones de Uso que regulan el acceso, navegaci\u00f3n y uso del Portal Web de la entidad&nbsp;<strong>SysRed-Consultor\u00eda y Desarrollos S.L.<\/strong>&nbsp;(en adelante,&nbsp;<strong>SysRed-Consultor\u00eda y Desarrollos S.L.<\/strong>) ubicada en la URL&nbsp;<a href=\"http:\/\/www.metalortu.com\/\" target=\"_blank\" rel=\"noreferrer noopener\">https:\/\/sysred.com\/<\/a>&nbsp;(en adelante, el \u201cPortal Web\u201d).&nbsp;<\/p>\n\n\n\n<p>Se entender\u00e1 por Usuario a la persona que acceda, navegue, utilice o participe en los servicios y actividades, gratuitas o no, desarrolladas en el Portal Web.&nbsp;<\/p>\n\n\n\n<p><strong>El acceso, navegaci\u00f3n y utilizaci\u00f3n de esta p\u00e1gina web implica por parte del Usuario la aceptaci\u00f3n expresa, inequ\u00edvoca y sin reservas de todos los t\u00e9rminos del presente&nbsp;Aviso Legal&nbsp;y las condiciones contenidas en el mismo.<\/strong>&nbsp;<\/p>\n\n\n\n<p><strong>DATOS DE LA ORGANIZACI\u00d3N<\/strong>&nbsp;<\/p>\n\n\n\n<p>En cumplimiento de lo previsto en el art\u00edculo 10 de la Ley 34\/2002, de 11 de julio, de Servicios de la Sociedad de la Informaci\u00f3n y Comercio Electr\u00f3nico (LSSI-CE), se informa al Usuario que la titularidad del&nbsp;Portal Web&nbsp;https:\/\/sysred.com\/&nbsp;pertenece a:&nbsp;<\/p>\n\n\n\n<p>Raz\u00f3n Social:<strong>&nbsp;<\/strong><strong>SysRed-Consultor\u00eda y Desarrollos S.L.<\/strong>&nbsp;<\/p>\n\n\n\n<p>NIF:<strong>&nbsp;B54124441<\/strong>&nbsp;<\/p>\n\n\n\n<p>Domicilio:<strong>&nbsp;Calle Gabriel Mir\u00f3, 3 03420 Castalla &#8211; Alicante<\/strong>&nbsp;<\/p>\n\n\n\n<p>Tel\u00e9fono:<strong>&nbsp;965687674<\/strong>&nbsp;<\/p>\n\n\n\n<p>Correo corporativo:<strong>&nbsp;<\/strong><a href=\"mailto:info@metalortu.com\" target=\"_blank\" rel=\"noreferrer noopener\">info@sysred.com<\/a>&nbsp;&nbsp;<\/p>\n\n\n\n<p><strong>OBJETO Y \u00c1MBITO DE APLICACI\u00d3N<\/strong>&nbsp;<\/p>\n\n\n\n<p>Las presentes Condiciones regulan el acceso a los contenidos y todos los servicios y productos ofrecidos por&nbsp;<strong>SysRed-Consultor\u00eda y Desarrollos S.L.<\/strong>&nbsp;a trav\u00e9s del Portal Web, as\u00ed como la utilizaci\u00f3n de los mismos por parte del Usuario.&nbsp;&nbsp;<\/p>\n\n\n\n<p><strong>SysRed-Consultor\u00eda y Desarrollos S.L.<\/strong>&nbsp;se reserva el derecho a modificar la configuraci\u00f3n, presentaci\u00f3n y contenido del Portal Web, as\u00ed como tambi\u00e9n las condiciones requeridas para su acceso y\/o utilizaci\u00f3n.&nbsp;&nbsp;<\/p>\n\n\n\n<p><strong>ACCESO&nbsp;AL PORTAL WEB<\/strong>&nbsp;<\/p>\n\n\n\n<p>El acceso a los contenidos y la utilizaci\u00f3n de los servicios proporcionados por&nbsp;<a href=\"http:\/\/www.metalortu.com\/\" target=\"_blank\" rel=\"noreferrer noopener\">https:\/\/sysred.com\/<\/a>&nbsp;tiene car\u00e1cter gratuito, si bien alguno de los servicios y contenidos ofrecidos por&nbsp;<strong>SysRed-Consultor\u00eda y Desarrollos S.L.<\/strong>&nbsp;a trav\u00e9s del Portal Web pueden estar sujetos a su contrataci\u00f3n previa y al pago de la cantidad correspondiente, lo cual se especificar\u00e1 en sus propias condiciones de contrataci\u00f3n.&nbsp;&nbsp;<\/p>\n\n\n\n<p>El acceso y navegaci\u00f3n a trav\u00e9s del Portal Web no requiere registro, aun cuando determinados servicios&nbsp;presentes o futuros&nbsp;incluidos en el mismo pueden requerirlo.&nbsp;<\/p>\n\n\n\n<p><strong>DERECHOS DE PROPIEDAD INTELECTUAL E INDUSTRIAL<\/strong>&nbsp;<\/p>\n\n\n\n<p>El presente Portal Web se rige por las leyes espa\u00f1olas y por la legislaci\u00f3n nacional e internacional sobre propiedad intelectual e industrial.&nbsp;&nbsp;<\/p>\n\n\n\n<p>En ning\u00fan caso se entender\u00e1 que el acceso y navegaci\u00f3n del Usuario por el Portal Web o la utilizaci\u00f3n, adquisici\u00f3n y\/o contrataci\u00f3n de productos o servicios ofertados a trav\u00e9s del Portal Web, implique una renuncia, transmisi\u00f3n, licencia o cesi\u00f3n total ni parcial de dichos derechos por parte de&nbsp;<strong>SysRed-Consultor\u00eda y Desarrollos S.L.<\/strong>.&nbsp;&nbsp;<\/p>\n\n\n\n<p>Las referencias a nombres y marcas comerciales o registradas, logotipos u otros signos distintivos, ya sean titularidad de&nbsp;<strong>SysRed-Consultor\u00eda y Desarrollos S.L.<\/strong>&nbsp;o de terceras Entidades, llevan impl\u00edcitas la prohibici\u00f3n sobre su uso sin el consentimiento de&nbsp;<strong>SysRed-Consultor\u00eda y Desarrollos S.L.<\/strong>&nbsp;o de sus leg\u00edtimos propietarios.&nbsp;&nbsp;<\/p>\n\n\n\n<p>El acceso o uso del Portal Web y\/o de sus contenidos y\/o servicios,&nbsp;no confiere&nbsp;al Usuario derecho alguno sobre las marcas, logotipos y\/o signos distintivos en \u00e9l incluidos protegidos por Ley.&nbsp;<\/p>\n\n\n\n<p>Quedan reservados todos los derechos de Propiedad Intelectual e Industrial sobre los contenidos y\/o servicios y, en particular, queda prohibido modificar, copiar, reproducir, comunicar p\u00fablicamente, transformar o distribuir de cualquier forma la totalidad o parte de los contenidos y\/o servicios incluidos en el Portal Web, para prop\u00f3sitos p\u00fablicos o comerciales, si no se cuenta con la autorizaci\u00f3n previa, expresa y por escrito de&nbsp;<strong>SysRed-Consultor\u00eda y Desarrollos S.L.<\/strong>&nbsp;o, en su caso, del titular de los derechos correspondientes.&nbsp;<\/p>\n\n\n\n<p><strong>UTILIZACI\u00d3N DEL&nbsp;PORTAL WEB<\/strong>&nbsp;<\/p>\n\n\n\n<p>El Usuario se compromete a utilizar el Portal Web de conformidad con la Ley y con las presentes Condiciones Generales.&nbsp;&nbsp;<\/p>\n\n\n\n<p>El Usuario se obliga asimismo a abstenerse de utilizar el Portal Web con fines o efectos il\u00edcitos o contrarios a lo establecido en estas Condiciones Generales.&nbsp;&nbsp;<\/p>\n\n\n\n<p>Al utilizar los servicios, el Usuario manifiesta su conformidad con estas Condiciones Generales, comprometi\u00e9ndose a no transmitir, difundir o poner a disposici\u00f3n de terceros a trav\u00e9s de los servicios proporcionados por&nbsp;https:\/\/sysred.com\/&nbsp;cualquier clase de material que de cualquier forma contravenga la legislaci\u00f3n vigente. En particular, y a t\u00edtulo meramente indicativo y no exhaustivo, el Usuario se compromete a no captar datos con finalidad publicitaria, a no enviar ning\u00fan tipo de publicidad online ni cadenas de mensajes y a no transmitir, difundir o poner a disposici\u00f3n de terceros a trav\u00e9s de los Servicios proporcionados por&nbsp;https:\/\/sysred.com\/&nbsp;cualquier clase de material, datos o contenidos que, sin \u00e1nimo exhaustivo:&nbsp;<\/p>\n\n\n\n<ol class=\"wp-block-list\"><li>Incurran en actividades il\u00edcitas, ilegales o contrarias a la buena fe y al orden p\u00fablico que, de cualquier forma, contravengan, menosprecien o atenten contra los derechos fundamentales y libertades p\u00fablicas reconocidas constitucionalmente o en los tratados internacionales y en el resto del ordenamiento jur\u00eddico.&nbsp;<\/li><\/ol>\n\n\n\n<ol class=\"wp-block-list\"><li>Induzcan, inciten o promuevan actuaciones delictivas, denigratorias, difamatorias o violentas.&nbsp;<\/li><\/ol>\n\n\n\n<ol class=\"wp-block-list\"><li>Induzcan, inciten o promuevan actuaciones, actitudes o ideas discriminatorias por raz\u00f3n de sexo, raza, religi\u00f3n, creencias o edad.&nbsp;<\/li><\/ol>\n\n\n\n<ol class=\"wp-block-list\"><li>Incorporen mensajes delictivos, violentos o degradantes.&nbsp;<\/li><\/ol>\n\n\n\n<ol class=\"wp-block-list\"><li>Induzcan o inciten a involucrarse en pr\u00e1cticas peligrosas, de riesgo o nocivas para la salud y el equilibrio ps\u00edquico.&nbsp;<\/li><\/ol>\n\n\n\n<ol class=\"wp-block-list\"><li>Sean falsos, ambiguos, inexactos, exagerados o extempor\u00e1neos, de forma que puedan inducir a error sobre su objeto o sobre las intenciones o prop\u00f3sitos del comunicante.&nbsp;<\/li><\/ol>\n\n\n\n<ol class=\"wp-block-list\"><li>Se encuentren protegidos por cualesquiera derechos de propiedad intelectual o industrial pertenecientes a terceros, sin que el Usuario haya obtenido previamente de sus titulares la autorizaci\u00f3n necesaria para llevar a cabo el uso que efect\u00faa o pretende efectuar.&nbsp;<\/li><\/ol>\n\n\n\n<ol class=\"wp-block-list\"><li>Violen los secretos empresariales de terceros.&nbsp;<\/li><\/ol>\n\n\n\n<ol class=\"wp-block-list\"><li>Sean contrarios al derecho al honor, a la intimidad personal y familiar o a la propia imagen de las personas.&nbsp;<\/li><\/ol>\n\n\n\n<ol class=\"wp-block-list\"><li>Infrinjan la normativa sobre secreto de las comunicaciones.&nbsp;<\/li><\/ol>\n\n\n\n<ol class=\"wp-block-list\"><li>Provoquen por sus caracter\u00edsticas (como formato, extensi\u00f3n, etc.) dificultades en el normal funcionamiento de los Servicios.&nbsp;<\/li><\/ol>\n\n\n\n<p><strong>UTILIZACI\u00d3N DEL BLOG<\/strong>&nbsp;<\/p>\n\n\n\n<p>El Usuario podr\u00e1 publicar comentarios en el Blog del Portal Web (si estuviera disponible) indicando al efecto su nombre, apellidos y direcci\u00f3n de correo electr\u00f3nico y, en este sentido,&nbsp;queda informado de que sus comentarios, junto con los datos identificativos que aporte, podr\u00e1n ser publicados en el Blog.&nbsp;&nbsp;<\/p>\n\n\n\n<p>El Usuario se compromete a no publicar ning\u00fan comentario que pudiese contravenir los aspectos se\u00f1alados en el apartado UTILIZACI\u00d3N DEL PORTAL WEB del presente Aviso Legal y ser\u00e1 exclusivamente responsable de los comentarios que publique, as\u00ed como de sus interacciones con el resto de los usuarios, eximiendo a&nbsp;<strong>SysRed-Consultor\u00eda y Desarrollos S.L.<\/strong>&nbsp;de cualquier responsabilidad por ello.&nbsp;<\/p>\n\n\n\n<p><strong>SysRed-Consultor\u00eda y Desarrollos S.L.<\/strong>&nbsp;se reserva la facultad de denegar la publicaci\u00f3n, o retirar, cualquier comentario o contenido que pudiese vulnerar lo establecido en el presente Aviso Legal.&nbsp;<\/p>\n\n\n\n<p><strong>COMUNICACIONES.<\/strong>&nbsp;<\/p>\n\n\n\n<p>El Usuario reconoce asumir la responsabilidad y dejar\u00e1 indemne a&nbsp;<strong>SysRed-Consultor\u00eda y Desarrollos S.L.<\/strong>&nbsp;por cualquier comunicaci\u00f3n que suministre personalmente o a su nombre, alcanzando dicha responsabilidad sin restricci\u00f3n alguna la exactitud, legalidad, originalidad y titularidad de la misma.&nbsp;<\/p>\n\n\n\n<p><strong>RESPONSABILIDADES&nbsp;DE&nbsp;SysRed-Consultor\u00eda y Desarrollos S.L..<\/strong>&nbsp;<\/p>\n\n\n\n<p>Debido a las caracter\u00edsticas de un Portal Web y las dependencias tecnol\u00f3gicas (internas y externas) que lo condicionan,&nbsp;<strong>SysRed-Consultor\u00eda y Desarrollos S.L.<\/strong>&nbsp;no&nbsp;garantiza ni se hace responsable de:&nbsp;&nbsp;<\/p>\n\n\n\n<ol class=\"wp-block-list\"><li>La continuidad de los contenidos del Portal Web.&nbsp;<\/li><\/ol>\n\n\n\n<ol class=\"wp-block-list\"><li>La ausencia de errores en dichos contenidos o productos.&nbsp;<\/li><\/ol>\n\n\n\n<ol class=\"wp-block-list\"><li>La invulnerabilidad del Portal Web y\/o la inexpugnabilidad de las medidas de seguridad que se adopten en el mismo.&nbsp;<\/li><\/ol>\n\n\n\n<ol class=\"wp-block-list\"><li>La ausencia de virus y\/o dem\u00e1s componentes da\u00f1inos en el Portal Web o en el servidor que lo suministra.&nbsp;<\/li><\/ol>\n\n\n\n<ol class=\"wp-block-list\"><li>Los da\u00f1os o perjuicios que cause, a s\u00ed mismo o a un tercero, cualquier persona que infringiera las condiciones, normas e instrucciones que&nbsp;<strong>SysRed-Consultor\u00eda y Desarrollos S.L.<\/strong>&nbsp;establece en el Portal Web o a trav\u00e9s de la vulneraci\u00f3n de los sistemas de seguridad del Portal Web.&nbsp;<\/li><\/ol>\n\n\n\n<ol class=\"wp-block-list\"><li>La falta de utilidad o rendimiento de los contenidos, servicios y\/o productos del Portal Web.&nbsp;<\/li><\/ol>\n\n\n\n<ol class=\"wp-block-list\"><li>Los da\u00f1os o perjuicios que cause, a s\u00ed mismo o a un tercero, cualquier persona que infringiera las condiciones, normas e instrucciones que&nbsp;<strong>SysRed-Consultor\u00eda y Desarrollos S.L.<\/strong>&nbsp;establece en el Portal Web o a trav\u00e9s de la vulneraci\u00f3n de los sistemas de seguridad del Portal Web.&nbsp;<\/li><\/ol>\n\n\n\n<p><strong>SysRed-Consultor\u00eda y Desarrollos S.L.<\/strong>&nbsp;declara que implementa, mantiene y evoluciona las medidas apropiadas, dentro de sus posibilidades y del estado de la tecnolog\u00eda, para proteger la disponibilidad, resiliencia, integridad y confidencialidad del Portal Web y de las transacciones realizadas a trav\u00e9s del&nbsp;mismo. Estas medidas de seguridad est\u00e1n alineadas con las normas y est\u00e1ndares aceptadas al efecto como \u201cbuenas pr\u00e1cticas\u201d, entre ellas ISO\/IEC 27001:2013 y el Esquema Nacional de Seguridad (RD 3\/2010 de 8 de enero), y sus desarrollos normativos.&nbsp;<\/p>\n\n\n\n<p>Si el Usuario tuviera conocimiento de la existencia de alg\u00fan contenido il\u00edcito, ilegal, contrario a las leyes o que pudiera suponer una infracci\u00f3n de derechos de propiedad intelectual y\/o industrial, deber\u00e1 notificarlo inmediatamente a&nbsp;<strong>SysRed-Consultor\u00eda y Desarrollos S.L.<\/strong>&nbsp;para que \u00e9sta pueda proceder a la adopci\u00f3n de las medidas oportunas.&nbsp;<\/p>\n\n\n\n<p><strong>ENLACES&nbsp;A OTRAS P\u00c1GINAS WEB.<\/strong>&nbsp;<\/p>\n\n\n\n<p>En caso de que en el Portal Web el Usuario pudiera encontrar enlaces a otras p\u00e1ginas Web mediante diferentes botones, links, banners, etc., \u00e9stos ser\u00edan gestionados por terceros.&nbsp;<strong>SysRed-Consultor\u00eda y Desarrollos S.L.<\/strong>&nbsp;no tiene facultad ni medios humanos ni t\u00e9cnicos para conocer, controlar ni aprobar toda la informaci\u00f3n, contenidos, productos o servicios facilitados por otros sitios Web a los que se puedan establecer enlaces desde el Portal Web.&nbsp;&nbsp;<\/p>\n\n\n\n<p>En consecuencia,&nbsp;<strong>SysRed-Consultor\u00eda y Desarrollos S.L.<\/strong>&nbsp;no asumir\u00e1 ning\u00fan tipo de responsabilidad por cualquier aspecto relativo a la p\u00e1gina Web a la que se pudiera establecer un enlace desde el Portal Web., en concreto, a t\u00edtulo enunciativo y no taxativo, sobre su funcionamiento, acceso, datos, informaci\u00f3n, archivos, calidad y fiabilidad de sus productos y servicios, sus propios enlaces y\/o cualquiera de sus contenidos, en general.&nbsp;&nbsp;<\/p>\n\n\n\n<p>En este sentido, si los Usuarios tuvieran conocimiento efectivo de la ilicitud de actividades desarrolladas a trav\u00e9s de estas p\u00e1ginas Web de terceros, deber\u00e1n comunicarlo inmediatamente a&nbsp;<strong>SysRed-Consultor\u00eda y Desarrollos S.L.<\/strong>&nbsp;a los efectos de que se proceda a deshabilitar el enlace de acceso a la misma.&nbsp;<\/p>\n\n\n\n<p>El establecimiento de cualquier tipo de enlace desde el Portal Web a otra p\u00e1gina Web ajena no implicar\u00e1 que exista alg\u00fan tipo de relaci\u00f3n, colaboraci\u00f3n o dependencia entre&nbsp;<strong>SysRed-Consultor\u00eda y Desarrollos S.L.<\/strong>&nbsp;y el responsable de la p\u00e1gina Web ajena.&nbsp;<\/p>\n\n\n\n<p><strong>ENLACES EN OTRAS P\u00c1GINAS WEB CON DESTINO AL&nbsp;PORTAL WEB DE&nbsp;SysRed-Consultor\u00eda y Desarrollos S.L..<\/strong>&nbsp;<\/p>\n\n\n\n<p>Si cualquier Usuario, Entidad o Portal Web deseara establecer alg\u00fan tipo de enlace con destino al Portal Web deber\u00e1 atenerse a las siguientes estipulaciones:&nbsp;&nbsp;<\/p>\n\n\n\n<ol class=\"wp-block-list\"><li>El enlace solamente se podr\u00e1 dirigir a la P\u00e1gina Principal o Home del Portal Web, salvo autorizaci\u00f3n expresa y por escrito de&nbsp;<strong>SysRed-Consultor\u00eda y Desarrollos S.L.<\/strong>.&nbsp;<\/li><\/ol>\n\n\n\n<ol class=\"wp-block-list\"><li>El enlace debe ser absoluto y completo, es decir, debe llevar al Usuario, mediante un clic, a la propia direcci\u00f3n URL del Portal Web y debe abarcar completamente toda la extensi\u00f3n de la pantalla de la P\u00e1gina Principal del Portal Web. En ning\u00fan caso, salvo que&nbsp;<strong>SysRed-Consultor\u00eda y Desarrollos S.L.<\/strong>&nbsp;lo autorice de manera expresa y por escrito, el Portal Web que realiza el enlace podr\u00e1 reproducir, de cualquier manera, el Portal Web, incluirlo como parte de su Web o dentro de uno de sus \u201cframes\u201d o crear un \u201cbrowser\u201d sobre cualquiera de las p\u00e1ginas del Portal Web.&nbsp;&nbsp;<\/li><\/ol>\n\n\n\n<ol class=\"wp-block-list\"><li>En la p\u00e1gina que establece el enlace no se podr\u00e1 declarar de ninguna manera que&nbsp;<strong>SysRed-Consultor\u00eda y Desarrollos S.L.<\/strong>&nbsp;ha autorizado tal enlace, salvo que&nbsp;<strong>SysRed-Consultor\u00eda y Desarrollos S.L.<\/strong>&nbsp;lo haya hecho expresamente y por escrito. Si la entidad que realiza el enlace desde su p\u00e1gina al Portal Web deseara incluir en su p\u00e1gina Web la marca, denominaci\u00f3n, nombre comercial, r\u00f3tulo, logotipo, slogan o cualquier otro tipo de elemento identificativo de&nbsp;<strong>SysRed-Consultor\u00eda y Desarrollos S.L.<\/strong>&nbsp;y\/o del Portal Web, deber\u00e1 contar previamente con su autorizaci\u00f3n expresa y por escrito de&nbsp;<strong>SysRed-Consultor\u00eda y Desarrollos S.L.<\/strong>.&nbsp;&nbsp;<\/li><\/ol>\n\n\n\n<ol class=\"wp-block-list\"><li><strong>SysRed-Consultor\u00eda y Desarrollos S.L.<\/strong>&nbsp;no autoriza el establecimiento de un enlace al Portal Web desde aquellas p\u00e1ginas Web que contengan materiales, informaci\u00f3n o contenidos il\u00edcitos o ilegales.&nbsp;&nbsp;<\/li><\/ol>\n\n\n\n<p><strong>SysRed-Consultor\u00eda y Desarrollos S.L.<\/strong>&nbsp;no dispone de medios humanos y t\u00e9cnicos para conocer, controlar ni aprobar toda la informaci\u00f3n, contenidos, productos o servicios facilitados por otros sitios Web que tengan establecidos enlaces con destino al Portal Web. Por tanto,&nbsp;<strong>SysRed-Consultor\u00eda y Desarrollos S.L.<\/strong>&nbsp;no asume ning\u00fan tipo de responsabilidad por cualquier aspecto relativo a la p\u00e1gina web que establece ese enlace con destino al Portal Web.&nbsp;<\/p>\n\n\n\n<p><strong>REDES SOCIALES.<\/strong>&nbsp;<\/p>\n\n\n\n<p><strong>SysRed-Consultor\u00eda y Desarrollos S.L.<\/strong>&nbsp;puede estar presente, actualmente o en el futuro, en las redes sociales donde considere oportuno establecer presencia.&nbsp;<strong>SysRed-Consultor\u00eda y Desarrollos S.L.<\/strong>, como administradora de sus instancias propias en dichas redes, podr\u00e1 decidir la no publicaci\u00f3n y\/o el borrado de cualquier contenido publicado en las mismas.&nbsp;<\/p>\n\n\n\n<p>En cualquier caso, el Usuario es el \u00fanico responsable de los contenidos que publique en las redes sociales de&nbsp;<strong>SysRed-Consultor\u00eda y Desarrollos S.L.<\/strong>, siendo plenamente aplicable a las redes sociales los preceptos especificados en el cap\u00edtulo UTILIZACI\u00d3N DEL PORTAL WEB en este mismo documento.&nbsp;<\/p>\n\n\n\n<p><strong>POL\u00cdTICA DE COOKIES.<\/strong>&nbsp;<\/p>\n\n\n\n<p>Las cookies son peque\u00f1as cantidades de informaci\u00f3n que se almacenan en el navegador utilizado por cada usuario para que el servidor recuerde cierta informaci\u00f3n que posteriormente pueda utilizar.&nbsp;<\/p>\n\n\n\n<ol class=\"wp-block-list\"><li><strong>TIPOS DE COOKIES QUE UTILIZAMOS<\/strong>&nbsp;<\/li><\/ol>\n\n\n\n<p>Esta p\u00e1gina web utiliza cookies de terceros que son aquellas que se env\u00edan a tu ordenador o terminal desde un dominio o una p\u00e1gina web que no es gestionada por nosotros, sino por otra entidad que trata los datos obtenidos a trav\u00e9s de las cookies.&nbsp;<\/p>\n\n\n\n<p>En este caso las Cookies son utilizadas con fines estad\u00edsticos relacionados con las visitas que recibe y las p\u00e1ginas que se consultan, quedando aceptado su uso al navegar por ella.&nbsp;<\/p>\n\n\n\n<table class=\"wp-block-table\"><tbody><tr><td><strong>COOKIE<\/strong>&nbsp;<br><strong>(Y PROVEEDOR)<\/strong>&nbsp;<\/td><td><strong>DURACI\u00d3N<\/strong>&nbsp;<\/td><td><strong>DESCRIPCI\u00d3N<\/strong>&nbsp;<\/td><\/tr><tr><td><\/td><td><\/td><td><\/td><\/tr><tr><td><\/td><td><\/td><td><\/td><\/tr><tr><td>Facebook&nbsp;<\/td><td>Publicidad, estad\u00edsticas y mediciones&nbsp;<\/td><td>Coloca Cookies en el ordenador o dispositivo y recibe la informaci\u00f3n almacenada en ellas cuando utilizas o visitas servicios prestados por otras empresas que utilizan los servicios de Facebook.&nbsp;<\/td><\/tr><tr><td>_ga&nbsp;(Google)&nbsp;<\/td><td>2 a\u00f1os&nbsp;<\/td><td>Se usa para distinguir a los usuarios.&nbsp;<\/td><\/tr><tr><td>_gid&nbsp;(Google)&nbsp;<\/td><td>24 horas&nbsp;<\/td><td>Se usa para distinguir a los usuarios.&nbsp;<\/td><\/tr><tr><td>_gat&nbsp;(Google)&nbsp;<\/td><td>1\u202fminuto&nbsp;<\/td><td>Se usa para limitar el porcentaje de solicitudes. Si has implementado Google&nbsp;Analytics&nbsp;mediante Google\u202fTag\u202fManager, esta cookie se llamar\u00e1 _dc_gtm_&lt;property-id&gt;.&nbsp;<\/td><\/tr><tr><td>_gali&nbsp;(Google)&nbsp;<\/td><td>30s&nbsp;<\/td><td>Atribuci\u00f3n de enlace mejorada.&nbsp;<\/td><\/tr><tr><td>_unam&nbsp;(SHARETHIS)&nbsp;<\/td><td>Persistente&nbsp;<\/td><td>Su finalidad es cuantificar el n\u00famero de Usuarios que comparten un determinado contenido y cu\u00e1ntas p\u00e1ginas web son visitadas a ra\u00edz de esa acci\u00f3n.&nbsp;<\/td><\/tr><tr><td>WordPress&nbsp;<\/td><td>2 a\u00f1os&nbsp;<\/td><td>Utilizado para el correcto funcionamiento del gestor de contenido WordPress.&nbsp;<\/td><\/tr><\/tbody><\/table>\n\n\n\n<p>Si desea m\u00e1s informaci\u00f3n m\u00e1s sobre los tipos de cookies de seguimiento y an\u00e1lisis de datos de Google\u202f<a href=\"https:\/\/www.google.com\/intl\/es_es\/policies\/technologies\/types\/\" target=\"_blank\" rel=\"noreferrer noopener\">haga clic aqu\u00ed<\/a>.&nbsp;<\/p>\n\n\n\n<p>Para informarse sobre c\u00f3mo eliminar las cookies de su explorador:&nbsp;<\/p>\n\n\n\n<ul class=\"wp-block-list\"><li><a href=\"https:\/\/support.mozilla.org\/es\/kb\/habilitar-y-deshabilitar-cookies-sitios-web-rastrear-preferencias\" target=\"_blank\" rel=\"noreferrer noopener\">Firefox<\/a>&nbsp;<\/li><\/ul>\n\n\n\n<ul class=\"wp-block-list\"><li><a href=\"https:\/\/support.google.com\/chrome\/answer\/95647?hl=es\" target=\"_blank\" rel=\"noreferrer noopener\">Chrome<\/a>&nbsp;<\/li><li><a href=\"https:\/\/support.microsoft.com\/es-es\/topic\/eliminar-y-administrar-cookies-168dab11-0753-043d-7c16-ede5947fc64d\" target=\"_blank\" rel=\"noreferrer noopener\">Internet Explorer<\/a>&nbsp;<\/li><li><a href=\"https:\/\/support.apple.com\/kb\/PH19214?viewlocale=es_ES&amp;locale=es_ES\" target=\"_blank\" rel=\"noreferrer noopener\">Safari<\/a>&nbsp;<\/li><li><a href=\"https:\/\/www.allaboutcookies.org\/es\/administrar-las-cookies\/opera.html\" target=\"_blank\" rel=\"noreferrer noopener\">Opera<\/a>&nbsp;<\/li><\/ul>\n","protected":false},"excerpt":{"rendered":"<p>AVISO LEGAL Y CONDICIONES DE USO DEL PORTAL WEB&nbsp; Aviso Legal y Condiciones de Uso que regulan el acceso, navegaci\u00f3n y uso del Portal Web de la entidad&nbsp;SysRed-Consultor\u00eda [&hellip;]<\/p>\n","protected":false},"author":1,"featured_media":0,"parent":0,"menu_order":0,"comment_status":"closed","ping_status":"closed","template":"","meta":{"footnotes":""},"class_list":["post-873","page","type-page","status-publish","hentry"],"_links":{"self":[{"href":"https:\/\/sysred.com\/index.php?rest_route=\/wp\/v2\/pages\/873","targetHints":{"allow":["GET"]}}],"collection":[{"href":"https:\/\/sysred.com\/index.php?rest_route=\/wp\/v2\/pages"}],"about":[{"href":"https:\/\/sysred.com\/index.php?rest_route=\/wp\/v2\/types\/page"}],"author":[{"embeddable":true,"href":"https:\/\/sysred.com\/index.php?rest_route=\/wp\/v2\/users\/1"}],"replies":[{"embeddable":true,"href":"https:\/\/sysred.com\/index.php?rest_route=%2Fwp%2Fv2%2Fcomments&post=873"}],"version-history":[{"count":5,"href":"https:\/\/sysred.com\/index.php?rest_route=\/wp\/v2\/pages\/873\/revisions"}],"predecessor-version":[{"id":892,"href":"https:\/\/sysred.com\/index.php?rest_route=\/wp\/v2\/pages\/873\/revisions\/892"}],"wp:attachment":[{"href":"https:\/\/sysred.com\/index.php?rest_route=%2Fwp%2Fv2%2Fmedia&parent=873"}],"curies":[{"name":"wp","href":"https:\/\/api.w.org\/{rel}","templated":true}]}}