{"id":65,"date":"2017-08-04T19:12:43","date_gmt":"2017-08-04T19:12:43","guid":{"rendered":"http:\/\/sysred.com\/?page_id=65"},"modified":"2025-02-26T12:50:42","modified_gmt":"2025-02-26T12:50:42","slug":"65-2","status":"publish","type":"page","link":"https:\/\/sysred.com\/","title":{"rendered":"Inicio"},"content":{"rendered":"<div id=\"pl-65\"  class=\"panel-layout\" ><div id=\"pg-65-0\"  class=\"panel-grid panel-no-style\" ><div id=\"pgc-65-0-0\"  class=\"panel-grid-cell\" ><\/div><\/div><div id=\"pg-65-1\"  class=\"panel-grid panel-no-style\" ><div id=\"pgc-65-1-0\"  class=\"panel-grid-cell\" ><div id=\"panel-65-1-0-0\" class=\"widget_text so-panel widget widget_custom_html panel-first-child panel-last-child\" data-index=\"1\" ><div class=\"widget_text wow pulse panel-widget-style panel-widget-style-for-65-1-0-0\" data-wow-offset=\"10\" data-wow-iteration=\"1\" ><div class=\"textwidget custom-html-widget\"><h1 style=\"color: #262c38; letter-spacing: 1px; text-transform: uppercase; position: relative; font-weight: 800; text-align: center;\">NUESTROS <span style=\"color: red;\">SERVICIOS<\/span><\/h1><\/div><\/div><\/div><\/div><\/div><div id=\"pg-65-2\"  class=\"panel-grid panel-has-style\" ><div class=\"panel-row-style panel-row-style-for-65-2\" ><div id=\"pgc-65-2-0\"  class=\"panel-grid-cell\" ><div id=\"panel-65-2-0-0\" class=\"so-panel widget widget_black-studio-tinymce widget_black_studio_tinymce panel-first-child panel-last-child\" data-index=\"2\" ><div class=\"textwidget\"><div style=\"text-align: center; border: 1px solid #C3C3C3; width: 300px; font-size: 100%; height: 300px; display: inline-block; vertical-align: top; margin-right: 30px; background-color: #fff; margin-left: 30px;\">\n<p><img decoding=\"async\" style=\"border-radius: 130px; height: 130px; width: 130px;\" src=\"http:\/\/sysred.com\/wp-content\/uploads\/2017\/08\/programming.jpg\" \/><\/p>\n<h3 style=\"font-size: 18px; font-weight: 400; margin-bottom: 15px; margin-top: 10px; color: #292e32; font-family: 'Roboto', sans-serif;\">Desarrollos Propios<\/h3>\n<p style=\"color: #7e7e7e; font-weight: 300; padding-left: 20px; padding-right: 20px; margin-bottom: 30px;\">Dise\u00f1amos y desarrollamos software de calidad a medida con total garant\u00eda y soporte.<\/p>\n<p style=\"text-align: center;\"><a href=\"http:\/\/sysred.com\/?page_id=337\"><span style=\"color: #b22222;\"><span id=\"transmark\" style=\"display: none; width: 0px; height: 0px;\"><\/span>Leer mas...<\/span><\/a><\/p>\n<\/div>\n<\/div><\/div><\/div><div id=\"pgc-65-2-1\"  class=\"panel-grid-cell\" ><div id=\"panel-65-2-1-0\" class=\"so-panel widget widget_black-studio-tinymce widget_black_studio_tinymce panel-first-child panel-last-child\" data-index=\"3\" ><div class=\"textwidget\"><div style=\"text-align: center; border: 1px solid #C3C3C3; width: 300px; font-size: 100%; height: 300px; display: inline-block; vertical-align: top; margin-right: 30px; background-color: #fff; margin-left: 30px;\">\n<p><img decoding=\"async\" style=\"border-radius: 130px; height: 130px; width: 130px;\" src=\"http:\/\/sysred.com\/wp-content\/uploads\/2017\/08\/Servidor.jpg\" \/><\/p>\n<h3 style=\"font-size: 18px; font-weight: 400; margin-bottom: 15px; margin-top: 10px; color: #292e32; font-family: 'Roboto', sans-serif;\">Sistemas<\/h3>\n<p style=\"color: #7e7e7e; font-weight: 300; padding-left: 20px; padding-right: 20px; margin-bottom: 30px;\">Dise\u00f1o e implementaci\u00f3n de infraestructura de red, equipos y sistemas. Mantenimientos<br \/> cr\u00edticos, con teleasistencia.<\/p>\n<p style=\"text-align: center;\"><a href=\"http:\/\/sysred.com\/?page_id=351\"><span style=\"color: #b22222;\">Leer mas...<\/span><\/a><\/p>\n<\/div>\n<\/div><\/div><\/div><div id=\"pgc-65-2-2\"  class=\"panel-grid-cell\" ><div id=\"panel-65-2-2-0\" class=\"so-panel widget widget_black-studio-tinymce widget_black_studio_tinymce panel-first-child panel-last-child\" data-index=\"4\" ><div class=\"textwidget\"><div style=\"text-align: center; border: 1px solid #C3C3C3; width: 300px; font-size: 100%; height: 300px; display: inline-block; vertical-align: top; margin-right: 30px; background-color: #fff; margin-left: 30px;\"><img decoding=\"async\" style=\"border-radius: 130px; height: 130px; width: 130px;\" src=\"http:\/\/sysred.com\/wp-content\/uploads\/2017\/08\/voip.jpeg\" \/><\/p>\n<h3 style=\"font-size: 18px; font-weight: 400; margin-bottom: 15px; margin-top: 10px; color: #292e32; font-family: 'Roboto', sans-serif;\">Telecomunicaciones<\/h3>\n<p style=\"color: #7e7e7e; font-weight: 300; padding-left: 20px; padding-right: 20px; margin-bottom: 30px;\">Instalaci\u00f3n de centralitas voip, radiofon\u00eda y sistemas de reconocimiento vocal.<\/p>\n<p>&nbsp;<\/p>\n<p style=\"text-align: center;\"><a href=\"http:\/\/sysred.com\/?page_id=351\"><span style=\"color: #b22222;\">Leer mas...<\/span><\/a><\/p>\n<\/div>\n<\/div><\/div><\/div><\/div><\/div><div id=\"pg-65-3\"  class=\"panel-grid panel-has-style\" ><div class=\"panel-row-style panel-row-style-for-65-3\" ><div id=\"pgc-65-3-0\"  class=\"panel-grid-cell\" ><div id=\"panel-65-3-0-0\" class=\"so-panel widget widget_black-studio-tinymce widget_black_studio_tinymce panel-first-child\" data-index=\"5\" ><div class=\"textwidget\"><div style=\"text-align: center; border: 1px solid #C3C3C3; width: 300px; font-size: 100%; height: 320px; display: inline-block; vertical-align: top; margin-right: 30px; background-color: #fff; margin-left: 30px;\">\n<p><img decoding=\"async\" style=\"border-radius: 130px; height: 130px; width: 130px;\" src=\"http:\/\/sysred.com\/wp-content\/uploads\/2017\/08\/GIS.jpg\" \/><\/p>\n<h3 style=\"font-size: 18px; font-weight: 400; margin-bottom: 5px; margin-top: 10px; color: #292e32; font-family: 'Roboto', sans-serif;\">GIS\/SIG <br \/> (Sistemas de Informaci\u00f3n Geogr\u00e1fica)<\/h3>\n<p style=\"color: #7e7e7e; font-weight: 300; padding-left: 20px; padding-right: 20px; margin-bottom: 0px;\">Ofrecemos un conjunto de servicios y soluciones para el desarrollo de proyectos de car\u00e1cter geogr\u00e1fico y el an\u00e1lisis territoriales.<\/p>\n<p style=\"color: #7e7e7e; font-weight: 300; padding-left: 20px; padding-right: 20px; margin-bottom: 10px;\"><a href=\"http:\/\/sysred.com\/?page_id=346\"><span style=\"color: #b22222;\">Leer mas...<\/span><\/a><\/p>\n<\/div>\n<\/div><\/div><div id=\"panel-65-3-0-1\" class=\"so-panel widget widget_black-studio-tinymce widget_black_studio_tinymce panel-last-child\" data-index=\"6\" ><div class=\"textwidget\"><div style=\"text-align: center; border: 1px solid #C3C3C3; width: 300px; font-size: 100%; height: 360px; display: inline-block; vertical-align: top; margin-right: 30px; background-color: #fff; margin-left: 30px; margin-bottom: 40px;\">\n  <a href=\"https:\/\/gobernanza.ccn-cert.cni.es\/certificados\" target=\"_blank\"><br \/>\n    <img decoding=\"async\" width=\"247\" height=\"300\" src=\"http:\/\/sysred.com\/wp-content\/uploads\/2025\/02\/distintivo_ens_certificacion_ALTA_RD311-2022-247x300.png\" alt=\"\" style=\"width: 263px; height: 320px;\" class=\"size-medium wp-image-928\" srcset=\"https:\/\/sysred.com\/wp-content\/uploads\/2025\/02\/distintivo_ens_certificacion_ALTA_RD311-2022-247x300.png 247w, https:\/\/sysred.com\/wp-content\/uploads\/2025\/02\/distintivo_ens_certificacion_ALTA_RD311-2022-842x1024.png 842w, https:\/\/sysred.com\/wp-content\/uploads\/2025\/02\/distintivo_ens_certificacion_ALTA_RD311-2022-768x934.png 768w, https:\/\/sysred.com\/wp-content\/uploads\/2025\/02\/distintivo_ens_certificacion_ALTA_RD311-2022.png 925w\" sizes=\"(max-width: 247px) 100vw, 247px\" \/><br \/>\n  <\/a>\n<\/div>\n<\/div><\/div><\/div><div id=\"pgc-65-3-1\"  class=\"panel-grid-cell\" ><div id=\"panel-65-3-1-0\" class=\"so-panel widget widget_black-studio-tinymce widget_black_studio_tinymce panel-first-child panel-last-child\" data-index=\"7\" ><div class=\"textwidget\"><div style=\"text-align: center; border: 1px solid #C3C3C3; width: 300px; font-size: 100%; height: 320px; display: inline-block; vertical-align: top; margin-right: 30px; background-color: #fff; margin-left: 30px;\">\n<p><img decoding=\"async\" style=\"border-radius: 130px; height: 130px; width: 130px;\" src=\"http:\/\/sysred.com\/wp-content\/uploads\/2017\/08\/Academia.jpg\" \/><\/p>\n<h3 style=\"font-size: 18px; font-weight: 400; margin-bottom: 15px; margin-top: 10px; color: #292e32; font-family: 'Roboto', sans-serif;\">Centro Formaci\u00f3n<\/h3>\n<p style=\"color: #7e7e7e; font-weight: 300; padding-left: 20px; padding-right: 20px; margin-bottom: 30px;\">Disponemos de nuestro propio centro de formaci\u00f3n, en software y desarrollos.<br \/>\nFormaci\u00f3n en Protecci\u00f3n de Datos y buenas pr\u00e1cticas.<\/p>\n<p style=\"text-align: center;\"><a href=\"http:\/\/sysred.com\/?page_id=385\"><span style=\"color: #b22222;\">Leer mas...<\/span><\/a><\/p>\n<\/div>\n<\/div><\/div><\/div><div id=\"pgc-65-3-2\"  class=\"panel-grid-cell\" ><div id=\"panel-65-3-2-0\" class=\"so-panel widget widget_black-studio-tinymce widget_black_studio_tinymce panel-first-child panel-last-child\" data-index=\"8\" ><div class=\"textwidget\"><div style=\"text-align: center; border: 1px solid #C3C3C3; width: 300px; font-size: 100%; height: 320px; display: inline-block; vertical-align: top; margin-right: 30px; background-color: #fff; margin-left: 30px;\"><img decoding=\"async\" style=\"border-radius: 130px; height: 130px; width: 130px;\" src=\"http:\/\/sysred.com\/wp-content\/uploads\/2017\/08\/Abogados.jpg\" \/><\/p>\n<h3 style=\"font-size: 18px; font-weight: 400; margin-bottom: 15px; margin-top: 10px; color: #292e32; font-family: 'Roboto', sans-serif;\">Servicios Jur\u00eddicos<\/h3>\n<p style=\"color: #7e7e7e; font-weight: 300; padding-left: 20px; padding-right: 20px; margin-bottom: 30px;\">Despacho de Abogados propios, para resoluci\u00f3n y asesoramiento sobre materias jur\u00eddicas en todas las especialidades inclu\u00eddo el derecho inform\u00e1tico.<\/p>\n<p style=\"text-align: center;\"><a href=\"http:\/\/sysred.com\/?page_id=344\"><span style=\"color: #b22222;\">Leer mas...<\/span><\/a><\/p>\n<\/div>\n<\/div><\/div><\/div><\/div><\/div><div id=\"pg-65-4\"  class=\"panel-grid panel-no-style\" ><div id=\"pgc-65-4-0\"  class=\"panel-grid-cell\" ><div id=\"panel-65-4-0-0\" class=\"widget_text so-panel widget widget_custom_html panel-first-child panel-last-child\" data-index=\"9\" ><div class=\"textwidget custom-html-widget\"><div style=\"font-size: 22px;\n    color: #fff;\n    font-weight: 300;\n    text-align: center;\n    padding: 35px;\n    padding-bottom: 15px;    background-color: black;\"><p>Solicite una demostraci\u00f3n o consulta sin compromiso <\/p><br\/><a href=\"http:\/\/sysred.es\/?page_id=123\" style=\"    line-height: 1;\n    color: white!important;\n    display: inline-block;\n    outline: none;\n    cursor: pointer;\n    text-align: center;\n    text-decoration: none;\n    border-radius: 5px;\n    margin-left: 7px;\n    margin-right: 7px;\n    border-radius: 9px;\n    padding: 12px 24px;\n    font-size: 18px;\n    margin-bottom: 15px;\n    border-bottom: 0px;\n    border: 1px solid #ed1c24;\n    text-shadow: none;\n    font-weight: 300;\">Contactar <i class=\"fa fa-chevron-circle-right\"><\/i><\/a><\/div><\/div><\/div><\/div><\/div><div id=\"pg-65-5\"  class=\"panel-grid panel-has-style\" ><div class=\"panel-row-style panel-row-style-for-65-5\" ><div id=\"pgc-65-5-0\"  class=\"panel-grid-cell panel-grid-cell-empty\" ><\/div><div id=\"pgc-65-5-1\"  class=\"panel-grid-cell\" ><div id=\"panel-65-5-1-0\" class=\"widget_text so-panel widget widget_custom_html panel-first-child\" data-index=\"10\" ><div class=\"widget_text wow pulse panel-widget-style panel-widget-style-for-65-5-1-0\" data-wow-offset=\"10\" data-wow-iteration=\"1\" ><div class=\"textwidget custom-html-widget\"><br\/><br\/><h1 style=\"color: #262c38; letter-spacing: 1px; text-transform: uppercase; position: relative; font-weight: 800; text-align: center;\">PORQU\u00c9 <span style=\"color: red;\">NOSOTROS<\/span><\/h1><\/div><\/div><\/div><div id=\"panel-65-5-1-1\" class=\"so-panel widget panel-last-child\" data-index=\"11\" ><\/div><\/div><\/div><\/div><div id=\"pg-65-6\"  class=\"panel-grid panel-no-style\" ><div id=\"pgc-65-6-0\"  class=\"panel-grid-cell panel-grid-cell-empty panel-grid-cell-mobile-last\" ><\/div><div id=\"pgc-65-6-1\"  class=\"panel-grid-cell panel-grid-cell-empty\" ><\/div><\/div><div id=\"pg-65-7\"  class=\"panel-grid panel-no-style\" ><div id=\"pgc-65-7-0\"  class=\"panel-grid-cell panel-grid-cell-empty\" ><\/div><div id=\"pgc-65-7-1\"  class=\"panel-grid-cell panel-grid-cell-mobile-last\" ><div id=\"panel-65-7-1-0\" class=\"widget_text so-panel widget widget_custom_html panel-first-child\" data-index=\"12\" ><div class=\"widget_text wow pulse panel-widget-style panel-widget-style-for-65-7-1-0\" data-wow-offset=\"10\" data-wow-iteration=\"1\" ><div class=\"textwidget custom-html-widget\"><h1 style=\"color: #262c38; letter-spacing: 1px; text-transform: uppercase; position: relative; font-weight: 800; text-align: center;\">NUESTRAS <span style=\"color: red;\">SOLUCIONES<\/span><\/h1><\/div><\/div><\/div><div id=\"panel-65-7-1-1\" class=\"so-panel widget panel-last-child\" data-index=\"13\" ><\/div><\/div><div id=\"pgc-65-7-2\"  class=\"panel-grid-cell panel-grid-cell-empty\" ><\/div><\/div><\/div>","protected":false},"excerpt":{"rendered":"<p>NUESTROS SERVICIOS Desarrollos Propios Dise\u00f1amos y desarrollamos software de calidad a medida con total garant\u00eda y soporte. Leer mas&#8230; Sistemas Dise\u00f1o e implementaci\u00f3n de infraestructura de red, equipos [&hellip;]<\/p>\n","protected":false},"author":1,"featured_media":0,"parent":0,"menu_order":0,"comment_status":"closed","ping_status":"closed","template":"template-page-builder.php","meta":{"footnotes":""},"class_list":["post-65","page","type-page","status-publish","hentry"],"_links":{"self":[{"href":"https:\/\/sysred.com\/index.php?rest_route=\/wp\/v2\/pages\/65","targetHints":{"allow":["GET"]}}],"collection":[{"href":"https:\/\/sysred.com\/index.php?rest_route=\/wp\/v2\/pages"}],"about":[{"href":"https:\/\/sysred.com\/index.php?rest_route=\/wp\/v2\/types\/page"}],"author":[{"embeddable":true,"href":"https:\/\/sysred.com\/index.php?rest_route=\/wp\/v2\/users\/1"}],"replies":[{"embeddable":true,"href":"https:\/\/sysred.com\/index.php?rest_route=%2Fwp%2Fv2%2Fcomments&post=65"}],"version-history":[{"count":135,"href":"https:\/\/sysred.com\/index.php?rest_route=\/wp\/v2\/pages\/65\/revisions"}],"predecessor-version":[{"id":943,"href":"https:\/\/sysred.com\/index.php?rest_route=\/wp\/v2\/pages\/65\/revisions\/943"}],"wp:attachment":[{"href":"https:\/\/sysred.com\/index.php?rest_route=%2Fwp%2Fv2%2Fmedia&parent=65"}],"curies":[{"name":"wp","href":"https:\/\/api.w.org\/{rel}","templated":true}]}}