{"id":351,"date":"2017-08-09T17:01:03","date_gmt":"2017-08-09T17:01:03","guid":{"rendered":"http:\/\/sysred.com\/?page_id=351"},"modified":"2017-08-14T18:28:39","modified_gmt":"2017-08-14T18:28:39","slug":"sistemas","status":"publish","type":"page","link":"https:\/\/sysred.com\/?page_id=351","title":{"rendered":"Sistemas"},"content":{"rendered":"<div class=\"span6\">\n<h3>Hardware<\/h3>\n<p><img decoding=\"async\" class=\"alignleft\" src=\"http:\/\/sysred.com\/wp-content\/uploads\/2017\/08\/Servidor-1024x816.jpg\" width=\"201\" height=\"160\" \/>En\u00a0<span style=\"color: #ff0000;\">SysRed<\/span> ofrecemos un asesoramiento acorde a sus requerimientos. Realizamos un <strong>estudio previo detallado, mediante el cual valoramos sus necesidades,<\/strong> y efectuamos la posterior <strong>integraci\u00f3n de las soluciones m\u00e1s eficientes y competitivas, <\/strong>de forma y modo que la planificaci\u00f3n de su instalaci\u00f3n sea lo m\u00e1s eficiente, acorde a sus necesidades.<\/p>\n<p>Nuestro compromiso es ayudarles a selecciona<span id=\"transmark\" style=\"display: none; width: 0px; height: 0px;\"><\/span>r el entorno tecnol\u00f3gico mas adecuado a su perfil.<\/p>\n<p>Uno de los pilares en los que se basa la calidad de nuestros servicios se fundamenta en la <strong>calidad<\/strong> de nuestros equipos y sistemas. Utilizamos los <strong>mejores compontes<\/strong> y trabajamos con las <strong>marcas m\u00e1s fiables<\/strong> del mercado, lo que nos permite ofrecer un servicio <strong>eficaz y eficiente<\/strong>.<\/p>\n<\/div>\n<div class=\"span12\">\n<h3>Areas Hardware:<\/h3>\n<ul>\n<li><strong>Equipos<\/strong>: PC\u2019s, port\u00e1tiles, PDA\u2019s, tablets, ultrabooks\u2026<\/li>\n<li><strong>Servidores<\/strong>: Servidores en formato rack y en torre. Dise\u00f1o y configuraci\u00f3n del hardware e instalaci\u00f3n y puesta en marcha.<\/li>\n<li><strong>Componentes<\/strong>: Todos los disponibles para sus necesidades.<\/li>\n<li><strong>Perif\u00e9ricos<\/strong>: monitores (LCD&#8217;s, plasma, TFT, Touch Screen), teclados, ratones, lectores de tarjetas, escaners, lectores de c\u00f3digos de barras&#8230;<\/li>\n<li><strong>Impresi\u00f3n<\/strong>: impresoras l\u00e1ser, inyecci\u00f3n de tinta, multifunci\u00f3n, t\u00e9rmicas, plotters, fotocopiadoras, fax&#8230;<\/li>\n<li><strong>Redes<\/strong>: Instalaci\u00f3n y mantenimiento de redes.<\/li>\n<\/ul>\n<\/div>\n<p>En Grupo Selcom encontrar\u00e1 una soluci\u00f3n completa y personalizada en instalaciones de red: desde la instalaci\u00f3n m\u00e1s sencilla hasta la m\u00e1s compleja.<\/p>\n<p>Nuestros servicios incluyen adem\u00e1s de la planificaci\u00f3n, dise\u00f1o e instalaci\u00f3n de red la integraci\u00f3n de instalaciones el\u00e9ctricas, multimedia de audio y video, configuraci\u00f3n de routers, firewalls, creaci\u00f3n de Vpn,\u00a0instalaci\u00f3n y configuraci\u00f3n de servidores de almacenamiento, controladoras de dominio, servidores de correo, sistemas de backup automatizados, sistemas de videoconferencia, transmisi\u00f3n de video y audio y todo aqu\u00e9llo que su empresa necesite.<\/p>\n<p>Para optimizar sus comunicaciones, usamos componentes del cableado de red de la mejor calidad y solo de las principales marcas. Un cableado de redes inform\u00e1ticas bien dise\u00f1ado, de alta calidad y sobre todo estructurado, es la garant\u00eda de unas futuras comunicaciones fiables.<\/p>\n<h3>INSTALACI\u00d3N DE REDES:<\/h3>\n<ul>\n<li style=\"list-style-type: none;\">\n<ul>\n<li><strong>Redes de datos<\/strong>: es el cableado mas extendido, y en la actualidad se utiliza tanto para los ordenadores como para la telefon\u00eda. Se conoce como cableado estructurado: no se diferencia si en destino hay un ordenador un tel\u00e9fono u otro elemento.<\/li>\n<li><strong>Redes de Fibra \u00d3ptica<\/strong>: cuando se necesita enviar grandes vol\u00famenes de informaci\u00f3n a altas velocidades o largas distancias. Son inmunes a las interferencias electromagn\u00e9ticas ya que el medio de transmisi\u00f3n son pulsos de luz.<\/li>\n<li><strong>Redes inal\u00e1mbricas (WLAN)<\/strong>: soluci\u00f3n adecuada cuando hay limitaciones para la instalaci\u00f3n de infraestructura de cableado (necesidad de un r\u00e1pido despliegue en edificios sin cableado, razones de acceso, est\u00e9tica o asepsia, movilidad de usuarios finales o dispersi\u00f3n de usuarios a distancias mayores de 100mts.)Instalamos y configuramos adaptadores de red inal\u00e1mbricos, puntos de acceso, router, antenas, repetidores\/amplificadores de se\u00f1al&#8230;<\/li>\n<\/ul>\n<\/li>\n<\/ul>\n<ul>\n<li style=\"list-style-type: none;\">\n<ul>\n<li><strong>Centro de proceso de datos (CPD)<\/strong>: estudio, proyecto e instalaci\u00f3n, desde cableado, electricidad, suelo t\u00e9cnico, sistemas de extinci\u00f3n de incendio, etc\u2026.<\/li>\n<\/ul>\n<\/li>\n<\/ul>\n<ul>\n<li><strong>Armarios de comunicaciones y electr\u00f3nica de red<\/strong>: armarios rack y toda la electr\u00f3nica de red necesaria.<\/li>\n<\/ul>\n","protected":false},"excerpt":{"rendered":"<p>Hardware En\u00a0SysRed ofrecemos un asesoramiento acorde a sus requerimientos. Realizamos un estudio previo detallado, mediante el cual valoramos sus necesidades, y efectuamos la posterior integraci\u00f3n de las soluciones [&hellip;]<\/p>\n","protected":false},"author":1,"featured_media":231,"parent":0,"menu_order":0,"comment_status":"closed","ping_status":"closed","template":"","meta":{"footnotes":""},"class_list":["post-351","page","type-page","status-publish","has-post-thumbnail","hentry"],"_links":{"self":[{"href":"https:\/\/sysred.com\/index.php?rest_route=\/wp\/v2\/pages\/351","targetHints":{"allow":["GET"]}}],"collection":[{"href":"https:\/\/sysred.com\/index.php?rest_route=\/wp\/v2\/pages"}],"about":[{"href":"https:\/\/sysred.com\/index.php?rest_route=\/wp\/v2\/types\/page"}],"author":[{"embeddable":true,"href":"https:\/\/sysred.com\/index.php?rest_route=\/wp\/v2\/users\/1"}],"replies":[{"embeddable":true,"href":"https:\/\/sysred.com\/index.php?rest_route=%2Fwp%2Fv2%2Fcomments&post=351"}],"version-history":[{"count":7,"href":"https:\/\/sysred.com\/index.php?rest_route=\/wp\/v2\/pages\/351\/revisions"}],"predecessor-version":[{"id":481,"href":"https:\/\/sysred.com\/index.php?rest_route=\/wp\/v2\/pages\/351\/revisions\/481"}],"wp:featuredmedia":[{"embeddable":true,"href":"https:\/\/sysred.com\/index.php?rest_route=\/wp\/v2\/media\/231"}],"wp:attachment":[{"href":"https:\/\/sysred.com\/index.php?rest_route=%2Fwp%2Fv2%2Fmedia&parent=351"}],"curies":[{"name":"wp","href":"https:\/\/api.w.org\/{rel}","templated":true}]}}